{"id":21300,"date":"2023-11-20T10:00:12","date_gmt":"2023-11-20T09:00:12","guid":{"rendered":"https:\/\/en-desarrollo.eu\/casadelamemoria\/artista\/ivan-orellana\/"},"modified":"2023-11-20T10:00:12","modified_gmt":"2023-11-20T09:00:12","slug":"ivan-orellana","status":"publish","type":"artista","link":"https:\/\/casadelamemoria.es\/en\/artist\/ivan-orellana\/","title":{"rendered":"Iv\u00e1n Orellana"},"content":{"rendered":"\n<p>Sevillian dancer, born in 1992, began his training at a very young age with teachers of the stature of Merche Esmeralda, Rub\u00e9n Olmo, Gala Vivancos, Alejandro Granados and Pastora Galv\u00e1n among others. He has a degree with special distinction in flamenco dance from the \u201cMaribel Gallardo\u201d Professional Dance Conservatory. He has been part of the Andalusian Flamenco Ballet since 2017 and has been part of the companies of Andr\u00e9s Mar\u00edn and Rafael Est\u00e9vez \/ Valeriano Pa\u00f1os.<\/p>\n\n<p>With a dance of spectacular elegance and strength, he has won numerous awards, among which stand out:<\/p>\n\n<p>1st Prize \u201cFlamenco Memory Contest\u201d, organized by the House of Memory of Seville and the Flamenco Cultural Center of Madrid<\/p>\n\n<p>1st Prize \u201cCity of Ubrique\u201d<\/p>\n\n<p>2nd Prize \u201cPearl of C\u00e1diz\u201d<\/p>\n\n<p>He has been part of the cast of artists at Casa de la Memoria since 2019<\/p>\n\n<p><\/p>\n","protected":false},"excerpt":{"rendered":"<p>Sevillian dancer, born in 1992, began his training at a very young age with teachers of the stature of Merche Esmeralda, Rub\u00e9n Olmo, Gala Vivancos, Alejandro Granados and Pastora Galv\u00e1n among others.<\/p>\n","protected":false},"featured_media":20765,"template":"","meta":{"_acf_changed":false,"om_disable_all_campaigns":false},"categories":[232],"tags":[],"class_list":["post-21300","artista","type-artista","status-publish","has-post-thumbnail","hentry","category-al-baile"],"acf":[],"aioseo_notices":[],"_links":{"self":[{"href":"https:\/\/casadelamemoria.es\/en\/wp-json\/wp\/v2\/artista\/21300","targetHints":{"allow":["GET"]}}],"collection":[{"href":"https:\/\/casadelamemoria.es\/en\/wp-json\/wp\/v2\/artista"}],"about":[{"href":"https:\/\/casadelamemoria.es\/en\/wp-json\/wp\/v2\/types\/artista"}],"wp:featuredmedia":[{"embeddable":true,"href":"https:\/\/casadelamemoria.es\/en\/wp-json\/wp\/v2\/media\/20765"}],"wp:attachment":[{"href":"https:\/\/casadelamemoria.es\/en\/wp-json\/wp\/v2\/media?parent=21300"}],"wp:term":[{"taxonomy":"category","embeddable":true,"href":"https:\/\/casadelamemoria.es\/en\/wp-json\/wp\/v2\/categories?post=21300"},{"taxonomy":"post_tag","embeddable":true,"href":"https:\/\/casadelamemoria.es\/en\/wp-json\/wp\/v2\/tags?post=21300"}],"curies":[{"name":"wp","href":"https:\/\/api.w.org\/{rel}","templated":true}]}}

Iván Orellana

<p>Sevillian dancer, born in 1992, began his training at a very young age with teachers of the stature of Merche Esmeralda, Rubén Olmo, Gala Vivancos, Alejandro Granados and Pastora Galván among others. He has a degree with special distinction in flamenco dance from the “Maribel Gallardo” Professional Dance Conservatory. He has been part of the Andalusian Flamenco Ballet since 2017 and has been part of the companies of Andrés Marín and Rafael Estévez / Valeriano Paños.</p>

<p>With a dance of spectacular elegance and strength, he has won numerous awards, among which stand out:</p>

<p>1st Prize “Flamenco Memory Contest”, organized by the House of Memory of Seville and the Flamenco Cultural Center of Madrid</p>

<p>1st Prize “City of Ubrique”</p>

<p>2nd Prize “Pearl of Cádiz”</p>

<p>He has been part of the cast of artists at Casa de la Memoria since 2019</p>

<p></p>

<p>Sevillian dancer, born in 1992, began his training at a very young age with teachers of the stature of Merche Esmeralda, Rubén Olmo, Gala Vivancos, Alejandro Granados and Pastora Galván among others.</p>
