{"id":21303,"date":"2023-11-20T10:03:22","date_gmt":"2023-11-20T09:03:22","guid":{"rendered":"https:\/\/en-desarrollo.eu\/casadelamemoria\/artista\/juan-carlos-cardoso\/"},"modified":"2024-01-17T12:34:12","modified_gmt":"2024-01-17T11:34:12","slug":"juan-carlos-cardoso","status":"publish","type":"artista","link":"https:\/\/casadelamemoria.es\/en\/artist\/juan-carlos-cardoso\/","title":{"rendered":"Juan Carlos Cardoso"},"content":{"rendered":"\n<p>He trained very young at the Seville Conservatory of Dance, although he has enriched his knowledge with Antonio Canales, Eva Yerbabuena, Mario Maya, Javier Bar\u00f3n, Juana Amaya, Israel Galv\u00e1n, Javier Latorre and Jos\u00e9 Antonio Ruiz. She combines her studies with the City of Seville Dance Ballet, having the opportunity to perform choreographies by Javier Latorre, Manolo Mar\u00edn, Ana Maria Bueno and \u201cLa Ton\u00e1\u201d, among others.<\/p>\n\n<p>In addition to belonging to companies of figures such as Mar\u00eda Pag\u00e9s, Mar\u00eda Serrano or Eva \u201cLa Yerbabuena\u201d and being part of the Spanish Ballet of Murcia, he has worked as a choreographer.<\/p>\n","protected":false},"excerpt":{"rendered":"<p>He trained very young at the Seville Conservatory of Dance, although he has enriched his knowledge with Antonio Canales, Eva Yerbabuena, Mario Maya, Javier Bar\u00f3n, Juana Amaya, Israel Galv\u00e1n, Javier Latorre and Jos\u00e9 Antonio Ruiz.<\/p>\n","protected":false},"featured_media":20715,"template":"","meta":{"_acf_changed":false,"om_disable_all_campaigns":false},"categories":[126],"tags":[],"class_list":["post-21303","artista","type-artista","status-publish","has-post-thumbnail","hentry","category-dance"],"acf":[],"aioseo_notices":[],"_links":{"self":[{"href":"https:\/\/casadelamemoria.es\/en\/wp-json\/wp\/v2\/artista\/21303","targetHints":{"allow":["GET"]}}],"collection":[{"href":"https:\/\/casadelamemoria.es\/en\/wp-json\/wp\/v2\/artista"}],"about":[{"href":"https:\/\/casadelamemoria.es\/en\/wp-json\/wp\/v2\/types\/artista"}],"wp:featuredmedia":[{"embeddable":true,"href":"https:\/\/casadelamemoria.es\/en\/wp-json\/wp\/v2\/media\/20715"}],"wp:attachment":[{"href":"https:\/\/casadelamemoria.es\/en\/wp-json\/wp\/v2\/media?parent=21303"}],"wp:term":[{"taxonomy":"category","embeddable":true,"href":"https:\/\/casadelamemoria.es\/en\/wp-json\/wp\/v2\/categories?post=21303"},{"taxonomy":"post_tag","embeddable":true,"href":"https:\/\/casadelamemoria.es\/en\/wp-json\/wp\/v2\/tags?post=21303"}],"curies":[{"name":"wp","href":"https:\/\/api.w.org\/{rel}","templated":true}]}}

<p>He trained very young at the Seville Conservatory of Dance, although he has enriched his knowledge with Antonio Canales, Eva Yerbabuena, Mario Maya, Javier Barón, Juana Amaya, Israel Galván, Javier Latorre and José Antonio Ruiz. She combines her studies with the City of Seville Dance Ballet, having the opportunity to perform choreographies by Javier Latorre, Manolo Marín, Ana Maria Bueno and “La Toná”, among others.</p>

<p>In addition to belonging to companies of figures such as María Pagés, María Serrano or Eva “La Yerbabuena” and being part of the Spanish Ballet of Murcia, he has worked as a choreographer.</p>

<p>He trained very young at the Seville Conservatory of Dance, although he has enriched his knowledge with Antonio Canales, Eva Yerbabuena, Mario Maya, Javier Barón, Juana Amaya, Israel Galván, Javier Latorre and José Antonio Ruiz.</p>
