{"id":21305,"date":"2023-11-20T10:05:56","date_gmt":"2023-11-20T09:05:56","guid":{"rendered":"https:\/\/en-desarrollo.eu\/casadelamemoria\/artista\/maribel-ramos-zambra\/"},"modified":"2024-01-17T12:35:48","modified_gmt":"2024-01-17T11:35:48","slug":"maribel-ramos-zambra","status":"publish","type":"artista","link":"https:\/\/casadelamemoria.es\/en\/artist\/maribel-ramos-zambra\/","title":{"rendered":"Maribel Ramos &#8220;Zambra&#8221;"},"content":{"rendered":"\n<p>She was born in Barcelona in 1977 but Almer\u00eda is the city where she trained as a dancer in all areas (Spanish classical, bowling school, classical ballet, folklore and flamenco). At the Cristina Heeren Foundation she is a student of Javier Latorre, Isabel Bay\u00f3n, Israel Galv\u00e1n, Milagros Meng\u00edbar and Antonio \u201cEl Pipa\u201d, in addition to studying with Eva la Yerbabuena and Antonio Canales. She has been part of the cast of Casa de la Memoria since 2003, but that does not stop her from traveling around the world collecting great hits and working with figures such as film director Pilar T\u00e1vora or V\u00edctor Ullate&#8217;s company.<\/p>\n","protected":false},"excerpt":{"rendered":"<p>She was born in Barcelona in 1977 but Almer\u00eda is the city where she trained as a dancer in all areas (Spanish classical, bowling school, classical ballet, folklore and flamenco).<\/p>\n","protected":false},"featured_media":20701,"template":"","meta":{"_acf_changed":false,"om_disable_all_campaigns":false},"categories":[126],"tags":[],"class_list":["post-21305","artista","type-artista","status-publish","has-post-thumbnail","hentry","category-dance"],"acf":[],"aioseo_notices":[],"_links":{"self":[{"href":"https:\/\/casadelamemoria.es\/en\/wp-json\/wp\/v2\/artista\/21305","targetHints":{"allow":["GET"]}}],"collection":[{"href":"https:\/\/casadelamemoria.es\/en\/wp-json\/wp\/v2\/artista"}],"about":[{"href":"https:\/\/casadelamemoria.es\/en\/wp-json\/wp\/v2\/types\/artista"}],"wp:featuredmedia":[{"embeddable":true,"href":"https:\/\/casadelamemoria.es\/en\/wp-json\/wp\/v2\/media\/20701"}],"wp:attachment":[{"href":"https:\/\/casadelamemoria.es\/en\/wp-json\/wp\/v2\/media?parent=21305"}],"wp:term":[{"taxonomy":"category","embeddable":true,"href":"https:\/\/casadelamemoria.es\/en\/wp-json\/wp\/v2\/categories?post=21305"},{"taxonomy":"post_tag","embeddable":true,"href":"https:\/\/casadelamemoria.es\/en\/wp-json\/wp\/v2\/tags?post=21305"}],"curies":[{"name":"wp","href":"https:\/\/api.w.org\/{rel}","templated":true}]}}

<p>She was born in Barcelona in 1977 but Almería is the city where she trained as a dancer in all areas (Spanish classical, bowling school, classical ballet, folklore and flamenco). At the Cristina Heeren Foundation she is a student of Javier Latorre, Isabel Bayón, Israel Galván, Milagros Mengíbar and Antonio “El Pipa”, in addition to studying with Eva la Yerbabuena and Antonio Canales. She has been part of the cast of Casa de la Memoria since 2003, but that does not stop her from traveling around the world collecting great hits and working with figures such as film director Pilar Távora or Víctor Ullate&#8217;s company.</p>

<p>She was born in Barcelona in 1977 but Almería is the city where she trained as a dancer in all areas (Spanish classical, bowling school, classical ballet, folklore and flamenco).</p>
