{"id":21334,"date":"2023-11-20T10:45:00","date_gmt":"2023-11-20T09:45:00","guid":{"rendered":"https:\/\/en-desarrollo.eu\/casadelamemoria\/artista\/gloria-del-rosario\/"},"modified":"2023-11-20T10:45:01","modified_gmt":"2023-11-20T09:45:01","slug":"gloria-del-rosario","status":"publish","type":"artista","link":"https:\/\/casadelamemoria.es\/fr\/artiste\/gloria-del-rosario\/","title":{"rendered":"Gloria del Rosario"},"content":{"rendered":"\n<p>Gloria Garc\u00eda de Castro, danseuse s\u00e9villane n\u00e9e en 1995, a \u00e9tudi\u00e9 au Conservatoire Professionnel de Danse de S\u00e9ville entre 2008 et 2014, et actuellement au Centre Andalou de Danse, sa danse est bas\u00e9e sur l&rsquo;\u00e9cole s\u00e9villane, danse des bras, ch\u00e2le et bata de cola .<\/p>\n\n<p>Elle a travaill\u00e9 au sein du Ballet Flamenco Andalou.<\/p>\n\n<p>R\u00e9compens\u00e9e par le Madro\u00f1o Flamenco, d\u00e9cern\u00e9 par le club de flamenco de Montellano.<\/p>\n\n<p>Gloria est \u00e9galement gagnante du Concours de la F\u00e9d\u00e9ration des Entit\u00e9s Flamenco de S\u00e9ville en 2014.<\/p>\n","protected":false},"excerpt":{"rendered":"<p>Gloria Garc\u00eda de Castro, danseuse s\u00e9villane n\u00e9e en 1995, a \u00e9tudi\u00e9 au Conservatoire Professionnel de Danse de S\u00e9ville entre 2008 et 2014, et actuellement au Centre Andalou de Danse, sa danse est bas\u00e9e sur l&rsquo;\u00e9cole s\u00e9villane, danse des bras, ch\u00e2le et bata de cola . Elle a travaill\u00e9 au sein du Ballet Flamenco Andalou. R\u00e9compens\u00e9e &#8230; <a title=\"Gloria del Rosario\" class=\"read-more\" href=\"https:\/\/casadelamemoria.es\/fr\/artiste\/gloria-del-rosario\/\" aria-label=\"En savoir plus sur Gloria del Rosario\">Lire la suite<\/a><\/p>\n","protected":false},"featured_media":21082,"template":"","meta":{"_acf_changed":false,"om_disable_all_campaigns":false},"categories":[232],"tags":[],"class_list":["post-21334","artista","type-artista","status-publish","has-post-thumbnail","hentry","category-al-baile"],"acf":[],"aioseo_notices":[],"_links":{"self":[{"href":"https:\/\/casadelamemoria.es\/fr\/wp-json\/wp\/v2\/artista\/21334","targetHints":{"allow":["GET"]}}],"collection":[{"href":"https:\/\/casadelamemoria.es\/fr\/wp-json\/wp\/v2\/artista"}],"about":[{"href":"https:\/\/casadelamemoria.es\/fr\/wp-json\/wp\/v2\/types\/artista"}],"wp:featuredmedia":[{"embeddable":true,"href":"https:\/\/casadelamemoria.es\/fr\/wp-json\/wp\/v2\/media\/21082"}],"wp:attachment":[{"href":"https:\/\/casadelamemoria.es\/fr\/wp-json\/wp\/v2\/media?parent=21334"}],"wp:term":[{"taxonomy":"category","embeddable":true,"href":"https:\/\/casadelamemoria.es\/fr\/wp-json\/wp\/v2\/categories?post=21334"},{"taxonomy":"post_tag","embeddable":true,"href":"https:\/\/casadelamemoria.es\/fr\/wp-json\/wp\/v2\/tags?post=21334"}],"curies":[{"name":"wp","href":"https:\/\/api.w.org\/{rel}","templated":true}]}}

<p>Gloria García de Castro, danseuse sévillane née en 1995, a étudié au Conservatoire Professionnel de Danse de Séville entre 2008 et 2014, et actuellement au Centre Andalou de Danse, sa danse est basée sur l&rsquo;école sévillane, danse des bras, châle et bata de cola .</p>

<p>Elle a travaillé au sein du Ballet Flamenco Andalou.</p>

<p>Récompensée par le Madroño Flamenco, décerné par le club de flamenco de Montellano.</p>

<p>Gloria est également gagnante du Concours de la Fédération des Entités Flamenco de Séville en 2014.</p>

<p>Gloria García de Castro, danseuse sévillane née en 1995, a étudié au Conservatoire Professionnel de Danse de Séville entre 2008 et 2014, et actuellement au Centre Andalou de Danse, sa danse est basée sur l&rsquo;école sévillane, danse des bras, châle et bata de cola . Elle a travaillé au sein du Ballet Flamenco Andalou. Récompensée &#8230; <a title="Gloria del Rosario" class="read-more" href="https://casadelamemoria.es/fr/artiste/gloria-del-rosario/" aria-label="En savoir plus sur Gloria del Rosario">Lire la suite</a></p>
