{"id":21367,"date":"2023-11-23T08:15:58","date_gmt":"2023-11-23T07:15:58","guid":{"rendered":"https:\/\/en-desarrollo.eu\/casadelamemoria\/artista\/adela-campallo\/"},"modified":"2024-02-12T17:32:53","modified_gmt":"2024-02-12T16:32:53","slug":"adela-campallo","status":"publish","type":"artista","link":"https:\/\/casadelamemoria.es\/fr\/artiste\/adela-campallo\/","title":{"rendered":"Adela Campallo"},"content":{"rendered":"\n<p>Elle na\u00eet en 1977 au sein d\u00b4une famille de profonde tradition flamenca, les Campallo. Elle a re\u00e7u une formation des mains de ma\u00eetres tels que Jos\u00e9 Galv\u00e1n et Manolo Mar\u00edn et tr\u00e8s jeune, elle est finaliste au concours de Jeunes Interpr\u00e8tes de la Bienal de S\u00e9ville en 2002. Elle travaille en \u00e9troite collaboration avec la compagnie d\u00b4Antonio Canales et des ma\u00eetres comme Javier Latorre, Farruquito ou encore Andr\u00e9s Mar\u00edn ont aussi compt\u00e9 sur l\u00b4essence de sa danse.<\/p>\n\n<p>Adela Campallo, professeure reconnue, a r\u00e9alis\u00e9 une infinit\u00e9 d\u00b4ateliers et de cours flamenco dans le monde entier et a laiss\u00e9 une d\u00e9monstration de sa danse enregistr\u00e9e pour la collection didactique Ritmo Flamenco Rhythm.<\/p>\n","protected":false},"excerpt":{"rendered":"<p>Elle na\u00eet en 1977 au sein d\u00b4une famille de profonde tradition flamenca, les Campallo. Elle a re\u00e7u une formation des mains de ma\u00eetres tels que Jos\u00e9 Galv\u00e1n &#8230;<\/p>\n","protected":false},"featured_media":20762,"template":"","meta":{"_acf_changed":false,"om_disable_all_campaigns":false},"categories":[232],"tags":[],"class_list":["post-21367","artista","type-artista","status-publish","has-post-thumbnail","hentry","category-al-baile"],"acf":[],"aioseo_notices":[],"_links":{"self":[{"href":"https:\/\/casadelamemoria.es\/fr\/wp-json\/wp\/v2\/artista\/21367","targetHints":{"allow":["GET"]}}],"collection":[{"href":"https:\/\/casadelamemoria.es\/fr\/wp-json\/wp\/v2\/artista"}],"about":[{"href":"https:\/\/casadelamemoria.es\/fr\/wp-json\/wp\/v2\/types\/artista"}],"wp:featuredmedia":[{"embeddable":true,"href":"https:\/\/casadelamemoria.es\/fr\/wp-json\/wp\/v2\/media\/20762"}],"wp:attachment":[{"href":"https:\/\/casadelamemoria.es\/fr\/wp-json\/wp\/v2\/media?parent=21367"}],"wp:term":[{"taxonomy":"category","embeddable":true,"href":"https:\/\/casadelamemoria.es\/fr\/wp-json\/wp\/v2\/categories?post=21367"},{"taxonomy":"post_tag","embeddable":true,"href":"https:\/\/casadelamemoria.es\/fr\/wp-json\/wp\/v2\/tags?post=21367"}],"curies":[{"name":"wp","href":"https:\/\/api.w.org\/{rel}","templated":true}]}}

<p>Elle naît en 1977 au sein d´une famille de profonde tradition flamenca, les Campallo. Elle a reçu une formation des mains de maîtres tels que José Galván et Manolo Marín et très jeune, elle est finaliste au concours de Jeunes Interprètes de la Bienal de Séville en 2002. Elle travaille en étroite collaboration avec la compagnie d´Antonio Canales et des maîtres comme Javier Latorre, Farruquito ou encore Andrés Marín ont aussi compté sur l´essence de sa danse.</p>

<p>Adela Campallo, professeure reconnue, a réalisé une infinité d´ateliers et de cours flamenco dans le monde entier et a laissé une démonstration de sa danse enregistrée pour la collection didactique Ritmo Flamenco Rhythm.</p>

<p>Elle naît en 1977 au sein d´une famille de profonde tradition flamenca, les Campallo. Elle a reçu une formation des mains de maîtres tels que José Galván &#8230;</p>
