{"id":21375,"date":"2023-11-23T08:25:01","date_gmt":"2023-11-23T07:25:01","guid":{"rendered":"https:\/\/en-desarrollo.eu\/casadelamemoria\/artista\/manuela-rios\/"},"modified":"2024-01-17T12:32:44","modified_gmt":"2024-01-17T11:32:44","slug":"manuela-rios","status":"publish","type":"artista","link":"https:\/\/casadelamemoria.es\/fr\/artiste\/manuela-rios\/","title":{"rendered":"Manuela Rios"},"content":{"rendered":"\n<p>Elle s\u00b4est form\u00e9e avec des ma\u00eetres tels que Manolo Mar\u00edn, Jos\u00e9 Galv\u00e1n, Farruco et La Ton\u00e1. Elle a d\u00e9but\u00e9 tr\u00e8s jeune dans le tablao La Trocha jusqu`\u00e0 ce qu\u00b4elle se soit reproduit au Teatro Lope de Vega avec les Farruco. Elle a fait partie des tourn\u00e9es de la famille Fern\u00e1ndez et s\u00b4est repr\u00e9sent\u00e9e dans des festivals et des th\u00e9\u00e2tres internationaux.<\/p>\n\n<p>Au Japon, elle danse sous la direction de Yoko Komatsubara aupr\u00e8s de Joaqu\u00edn Cortes. \u00c0 la Bienal de S\u00e9ville en 1992 elle se d\u00e9marque en tant que jeune valeur de la danse de Triana. En 1993, elle rejoint la compagnie de Cristina Hoyos. Elle obtient le second prix au concours du Festival de La Uni\u00f3n.<\/p>\n\n<p><\/p>\n","protected":false},"excerpt":{"rendered":"<p>Elle s\u00b4est form\u00e9e avec des ma\u00eetres tels que Manolo Mar\u00edn, Jos\u00e9 Galv\u00e1n, Farruco et La Ton\u00e1. Elle a d\u00e9but\u00e9 tr\u00e8s jeune dans le tablao La Trocha jusqu`\u00e0 ce qu\u00b4elle se soit reproduit au Teatro Lope de Vega avec les Farruco.<\/p>\n","protected":false},"featured_media":20712,"template":"","meta":{"_acf_changed":false,"om_disable_all_campaigns":false},"categories":[123],"tags":[],"class_list":["post-21375","artista","type-artista","status-publish","has-post-thumbnail","hentry","category-al-baile-fr"],"acf":[],"aioseo_notices":[],"_links":{"self":[{"href":"https:\/\/casadelamemoria.es\/fr\/wp-json\/wp\/v2\/artista\/21375","targetHints":{"allow":["GET"]}}],"collection":[{"href":"https:\/\/casadelamemoria.es\/fr\/wp-json\/wp\/v2\/artista"}],"about":[{"href":"https:\/\/casadelamemoria.es\/fr\/wp-json\/wp\/v2\/types\/artista"}],"wp:featuredmedia":[{"embeddable":true,"href":"https:\/\/casadelamemoria.es\/fr\/wp-json\/wp\/v2\/media\/20712"}],"wp:attachment":[{"href":"https:\/\/casadelamemoria.es\/fr\/wp-json\/wp\/v2\/media?parent=21375"}],"wp:term":[{"taxonomy":"category","embeddable":true,"href":"https:\/\/casadelamemoria.es\/fr\/wp-json\/wp\/v2\/categories?post=21375"},{"taxonomy":"post_tag","embeddable":true,"href":"https:\/\/casadelamemoria.es\/fr\/wp-json\/wp\/v2\/tags?post=21375"}],"curies":[{"name":"wp","href":"https:\/\/api.w.org\/{rel}","templated":true}]}}

<p>Elle s´est formée avec des maîtres tels que Manolo Marín, José Galván, Farruco et La Toná. Elle a débuté très jeune dans le tablao La Trocha jusqu`à ce qu´elle se soit reproduit au Teatro Lope de Vega avec les Farruco. Elle a fait partie des tournées de la famille Fernández et s´est représentée dans des festivals et des théâtres internationaux.</p>

<p>Au Japon, elle danse sous la direction de Yoko Komatsubara auprès de Joaquín Cortes. À la Bienal de Séville en 1992 elle se démarque en tant que jeune valeur de la danse de Triana. En 1993, elle rejoint la compagnie de Cristina Hoyos. Elle obtient le second prix au concours du Festival de La Unión.</p>

<p></p>

<p>Elle s´est formée avec des maîtres tels que Manolo Marín, José Galván, Farruco et La Toná. Elle a débuté très jeune dans le tablao La Trocha jusqu`à ce qu´elle se soit reproduit au Teatro Lope de Vega avec les Farruco.</p>
