{"id":21381,"date":"2023-11-23T08:32:56","date_gmt":"2023-11-23T07:32:56","guid":{"rendered":"https:\/\/en-desarrollo.eu\/casadelamemoria\/artista\/yolanda-osuna\/"},"modified":"2024-01-17T12:43:17","modified_gmt":"2024-01-17T11:43:17","slug":"yolanda-osuna","status":"publish","type":"artista","link":"https:\/\/casadelamemoria.es\/fr\/artiste\/yolanda-osuna\/","title":{"rendered":"Yolanda Osuna"},"content":{"rendered":"\n<p>Elle na\u00eet \u00e0 Cordoue le 26 f\u00e9vrier 1981. Dans cette m\u00eame ville, elle commence son parcours dans des \u00e9coles et se forme au Conservatorio Profesional de Danza Luis del R\u00edo. Elle obtient sa ma\u00eetrise de p\u00e9dagogie de la danse au Conservatorio Superior de Danza de M\u00e1laga. &#13;\nElle s\u00b4est form\u00e9e avec de nombreux artistes Flamenco: El Mimbre, Inmaculada Aguilar, Matilde Coral, Milagros Menj\u00edbar, Javier La Torre, Manuela Carrasco, Roc\u00edo Molina, Antonio Canales, Pastora Galv\u00e1n\u2026 Elle a obtenu le prix \u00ab J\u00f3venes Flamencos \u00bb du conseil g\u00e9n\u00e9ral de Cordoue et deux seconds prix au Festival Internacional de las Minas en la Uni\u00f3n en 2007 et en 2014. &#13;\nSon \u00e9tape au Teatro Real de Madrid en 2016 avec le spectacle de Las Minas Puerto Flamenco a marqu\u00e9 le d\u00e9but de ses exp\u00e9riences entre le Flamenco le plus traditionnel et d\u00b4autres disciplines artistiques tout en faisant des incursions dans la danse contemporaine, l\u00b4art plastique, la technologie interactive et la performance, elle a \u00e9largi son \u00e9ventail du flamenco avec des moyens multidisciplinaires pour exprimer sa po\u00e9sie. <\/p>\n\n<p>Elle a par ailleurs \u00e9t\u00e9 mentionn\u00e9e dans le New York Time par le critique Brian Seibert apr\u00e8s l\u00b4avoir vue dans le spectacle de Paco Pe\u00f1a \u00e0 New York \u00ab V\u00eatue d\u00b4une bata de cola pour danser unas alegr\u00edas, elle a tourn\u00e9e sur elle-m\u00eame avec son ch\u00e2le de Manille cr\u00e9ant un tourbillon turbulent. Elle exprime le drame et a de la plasticit\u00e9. <\/p>\n\n<p>Avec ses formidables sourcils, ses bras d\u00e9finis et surtout ses doigts affil\u00e9s, elle attire. \u00bb Lieu : Th\u00e9\u00e2tre The Town Hall en novembre 2015. Ses propres spectacles flamencos : Pasi\u00f3n Flamenca en Sardaigne (juillet-ao\u00fbt 2004, f\u00e9vrier 2005, ao\u00fbt-septembre 2005) Con tres Sent\u00edos au Festival de Chicago organis\u00e9 par l\u00b4Instituto Cervantes Sentimientos en 2009 au Festival de Bucarest (Roumanie) organis\u00e9 par l\u00b4Instituto Cervantes Vivencias Flamencas dont la premi\u00e8re a \u00e9t\u00e9 donn\u00e9 pendant le festival Cordob\u00e1n Flamenco au Gran Teatro de Cordoue en 2010 puis au Festival de Membrilla en 2010 et au Centre Culturel Casa Artelor de Bucarest en 2013. &#13;\nEl Caf\u00e9 con Silverio au th\u00e9\u00e2tre Oristano en Sardaigne (Italie) en novembre 2014 Tres Puntales au th\u00e9\u00e2tre de Croacie, \u00e0 S\u00e1lvador de Bah\u00eda en juin et octobre 2015 et en Sardaigne (Italie) en 2016. Actuellement, elle travaille dans sa propre \u00e9cole tout en conciliant ses repr\u00e9sentations au Centre Culturel Flamenco Casa de la Memoria \u00e0 S\u00e9ville dont elle fait partie depuis 2015.&#13;\n<\/p>\n","protected":false},"excerpt":{"rendered":"<p>Elle na\u00eet \u00e0 Cordoue le 26 f\u00e9vrier 1981. Dans cette m\u00eame ville, elle commence son parcours dans des \u00e9coles et se forme au Conservatorio Profesional de Danza Luis del R\u00edo. Elle obtient sa ma\u00eetrise de p\u00e9dagogie de la danse au Conservatorio Superior de Danza de M\u00e1laga. <\/p>\n","protected":false},"featured_media":21249,"template":"","meta":{"_acf_changed":false,"om_disable_all_campaigns":false},"categories":[123],"tags":[],"class_list":["post-21381","artista","type-artista","status-publish","has-post-thumbnail","hentry","category-al-baile-fr"],"acf":[],"aioseo_notices":[],"_links":{"self":[{"href":"https:\/\/casadelamemoria.es\/fr\/wp-json\/wp\/v2\/artista\/21381","targetHints":{"allow":["GET"]}}],"collection":[{"href":"https:\/\/casadelamemoria.es\/fr\/wp-json\/wp\/v2\/artista"}],"about":[{"href":"https:\/\/casadelamemoria.es\/fr\/wp-json\/wp\/v2\/types\/artista"}],"wp:featuredmedia":[{"embeddable":true,"href":"https:\/\/casadelamemoria.es\/fr\/wp-json\/wp\/v2\/media\/21249"}],"wp:attachment":[{"href":"https:\/\/casadelamemoria.es\/fr\/wp-json\/wp\/v2\/media?parent=21381"}],"wp:term":[{"taxonomy":"category","embeddable":true,"href":"https:\/\/casadelamemoria.es\/fr\/wp-json\/wp\/v2\/categories?post=21381"},{"taxonomy":"post_tag","embeddable":true,"href":"https:\/\/casadelamemoria.es\/fr\/wp-json\/wp\/v2\/tags?post=21381"}],"curies":[{"name":"wp","href":"https:\/\/api.w.org\/{rel}","templated":true}]}}

<p>Elle naît à Cordoue le 26 février 1981. Dans cette même ville, elle commence son parcours dans des écoles et se forme au Conservatorio Profesional de Danza Luis del Río. Elle obtient sa maîtrise de pédagogie de la danse au Conservatorio Superior de Danza de Málaga. &#13;
Elle s´est formée avec de nombreux artistes Flamenco: El Mimbre, Inmaculada Aguilar, Matilde Coral, Milagros Menjíbar, Javier La Torre, Manuela Carrasco, Rocío Molina, Antonio Canales, Pastora Galván… Elle a obtenu le prix « Jóvenes Flamencos » du conseil général de Cordoue et deux seconds prix au Festival Internacional de las Minas en la Unión en 2007 et en 2014. &#13;
Son étape au Teatro Real de Madrid en 2016 avec le spectacle de Las Minas Puerto Flamenco a marqué le début de ses expériences entre le Flamenco le plus traditionnel et d´autres disciplines artistiques tout en faisant des incursions dans la danse contemporaine, l´art plastique, la technologie interactive et la performance, elle a élargi son éventail du flamenco avec des moyens multidisciplinaires pour exprimer sa poésie. </p>

<p>Elle a par ailleurs été mentionnée dans le New York Time par le critique Brian Seibert après l´avoir vue dans le spectacle de Paco Peña à New York « Vêtue d´une bata de cola pour danser unas alegrías, elle a tournée sur elle-même avec son châle de Manille créant un tourbillon turbulent. Elle exprime le drame et a de la plasticité. </p>

<p>Avec ses formidables sourcils, ses bras définis et surtout ses doigts affilés, elle attire. » Lieu : Théâtre The Town Hall en novembre 2015. Ses propres spectacles flamencos : Pasión Flamenca en Sardaigne (juillet-août 2004, février 2005, août-septembre 2005) Con tres Sentíos au Festival de Chicago organisé par l´Instituto Cervantes Sentimientos en 2009 au Festival de Bucarest (Roumanie) organisé par l´Instituto Cervantes Vivencias Flamencas dont la première a été donné pendant le festival Cordobán Flamenco au Gran Teatro de Cordoue en 2010 puis au Festival de Membrilla en 2010 et au Centre Culturel Casa Artelor de Bucarest en 2013. &#13;
El Café con Silverio au théâtre Oristano en Sardaigne (Italie) en novembre 2014 Tres Puntales au théâtre de Croacie, à Sálvador de Bahía en juin et octobre 2015 et en Sardaigne (Italie) en 2016. Actuellement, elle travaille dans sa propre école tout en conciliant ses représentations au Centre Culturel Flamenco Casa de la Memoria à Séville dont elle fait partie depuis 2015.&#13;
</p>

<p>Elle naît à Cordoue le 26 février 1981. Dans cette même ville, elle commence son parcours dans des écoles et se forme au Conservatorio Profesional de Danza Luis del Río. Elle obtient sa maîtrise de pédagogie de la danse au Conservatorio Superior de Danza de Málaga. </p>
